490 = -32*t + 2157949. Is t a composite number?
False
Let k = 45 + -43. Suppose -k*q - 2 = 4. Is (4/2)/(6*q/(-531)) prime?
True
Let h(b) = 242*b**2 - 7*b - 53. Let k be h(9). Suppose 10 = 5*p, -5*s + 53469 - k = -p. Is s composite?
True
Let j(x) = -8*x**2 - 37*x - 16. Let g(i) = -i**2 + i + 1. Let u(y) = 2*g(y) + j(y). Let l be u(-10). Let t = l - -1449. Is t a prime number?
False
Let x = -224937 - -547396. Is x composite?
False
Suppose -c + 696624 = 3*h, 6*c + 4*h - 2756370 - 1423360 = 0. Is c composite?
True
Let u be (9/6)/(2/4). Suppose -j - 8 = -2*o, -4*o = -u*j - j - 20. Is 3*2722/6*(-1 - j) a prime number?
True
Is 16/(-12)*7359459/(-164) composite?
False
Let q be 2 + (-588)/(-8) - 1/2. Let b(c) = 32 - q*c - 20 + 9. Is b(-10) a prime number?
False
Let m(o) = 2*o + 31. Let j be m(-14). Suppose -4*v - i = -11, -3*v - j*i + i + 12 = 0. Is -4 + 2 - (v + (1 - 1368)) a prime number?
False
Suppose 3*h + 587838 = 5*z - 423420, 0 = 3*z - h - 606754. Suppose -76272 = -9*w + z. Is w composite?
True
Suppose 0 = -6*w - 5*w - 18414. Let m = 2551 + w. Is m a composite number?
False
Let p(m) be the second derivative of 1/12*m**4 + 0 - 1/3*m**3 + 27*m + 3845/2*m**2. Is p(0) a composite number?
True
Suppose 3 = u + 5*c, -3*c + 34 + 29 = 4*u. Suppose -411 = -3*r + u. Suppose f - 318 = -5*l, -4*l - r + 1649 = 5*f. Is f prime?
False
Suppose 0 = -8*k + 26*k + 25254. Let m = k - -2670. Is m a composite number?
True
Let a(q) be the second derivative of -8*q - 25/6*q**3 - 17/2*q**2 + 0. Is a(-10) a composite number?
False
Suppose 0 = 4*t + 3*o + 691, -4*t - 3*o = -o + 690. Let g = 1266 + t. Is g a prime number?
False
Is (((-24)/(-19))/(-4))/(-3) - (-7916238)/342 prime?
False
Suppose -3*i - 5*w = 3678, -987 - 1449 = 2*i - 2*w. Let z = i - -2558. Is z composite?
True
Let p = 180 + -136. Is (0 - 8/p) + 10058/22 a prime number?
True
Let y be (-1)/3 + (-2283165)/(-135). Let r = y + -9665. Is r prime?
True
Let w = -158459 - -549300. Is w composite?
True
Let b(f) = -162*f**2 + 21*f + 7. Let r be b(-17). Is 2*2/20 + r/(-10) a prime number?
False
Let m = -8420 + 16885. Is m composite?
True
Is 0/2 - (8 + -2) - (-316853 + 216) prime?
False
Let y = -12029 + 5826. Let g = y + 10942. Is g composite?
True
Let u be (24004/8)/((-1)/(-2)) + 1. Suppose 2*g + 3*c = 2*c + u, c = 4. Is g composite?
False
Let o(j) = 15209*j**2 + 252*j - 1923. Is o(8) a composite number?
True
Let g(c) = -18*c**3 - 15*c**2 + 73*c + 50. Let d be g(30). Is d/(-35) + 15/(-35) prime?
True
Let p(x) = -157*x - 37. Is p(-54) a prime number?
False
Let a = -89043 - -141336. Is a a composite number?
True
Let g(q) = 226*q**2 - 57*q + 1569. Is g(22) prime?
False
Let c(z) = -z**3 + 19*z**2 - 3*z + 62. Let m be c(19). Suppose -y - 28535 - 11416 = -m*a, 2*y + 7983 = a. Is a composite?
True
Suppose -4*h - 13 = -21. Suppose -4*r - h*b + 36016 + 3890 = 0, 5*r - 49887 = 2*b. Is r a prime number?
False
Let k(x) = -3886*x - 3021. Is k(-80) a composite number?
False
Let v be 3 + (-6)/9*(-3)/(-2). Suppose g - 5735 = 3*j, 0*g - j + 11498 = v*g. Is g composite?
True
Let j = 1669 - -15853. Suppose 4*l - j = -4*x + 2670, 0 = -3*l + 4*x + 15165. Is l a composite number?
False
Let y be (12 - 12)*(2 - 3). Suppose 39*p - 34*p - 6005 = y. Is p composite?
False
Suppose 0 = 4*d + 63 + 21. Let m = d - -19. Let t(l) = -148*l + 5. Is t(m) a composite number?
True
Let d = -2736528 + 5051899. Is d a composite number?
False
Suppose -3*n = -5*k - 43128, -3*k = 2*n - 46878 + 18145. Is n composite?
True
Let m = -12 + -8. Is 4 + (-25300)/(m/5) a composite number?
False
Is 2*((-1418294)/(-12) + (-177)/(-531)) a composite number?
True
Let r be 10 + 0 + -7 + 0. Is -1*r*(20/5 - 255) prime?
False
Let m be -4*4/(-4) - 31. Let q = -25 - m. Suppose 2*g = u - 1059, 5*g - 283 = -q*u + 1880. Is u composite?
False
Suppose 1 = 4*k - 3*l + 26, 5*l = 4*k + 31. Let f(x) = -2*x - x**2 - 7*x**3 - 1 + 0*x + 3*x**2. Is f(k) a prime number?
True
Let x(t) = 2*t**2 - 6*t + 3. Let r be x(3). Let v be (1 + r)/(-2 + (-18)/(-8)). Let f(w) = 77*w + 39. Is f(v) a prime number?
False
Let s(x) = -31*x + 5. Let h be s(-1). Let n = h - -9. Suppose 5*v - 243 = -0*v - 4*i, 0 = -v - 2*i + n. Is v a composite number?
True
Let o(i) = -45*i**3 - 2*i**2 + 6. Suppose -388*k = -384*k + 20. Is o(k) prime?
True
Let f = -1 - -5. Let l(m) = -m**3 + 5*m**2 - 6*m + 8. Let i be l(f). Is 1551/3 - (0 + i) composite?
True
Suppose 0 = 3*y + 394 + 44. Let n = 621 + y. Let b = n - 144. Is b prime?
True
Let t be 1 - (1/(-3))/((-32)/1056). Is (-675020)/(-100) - (-12)/t composite?
True
Let a be 4/(-8)*0/1. Suppose a = -5*i - 2*i + 14. Suppose 0 = i*t + 4*h - 0*h - 482, -4*h = 4*t - 984. Is t prime?
True
Is ((-12)/(-10))/((-222)/(-12963135)) a composite number?
True
Suppose 52*d - 89*d + 672253 = 0. Is d composite?
False
Let t(p) = -p - 13. Let g be t(-15). Suppose 284 = -g*n - 1520. Let y = n - -1309. Is y a prime number?
False
Suppose -j + 29428 = -5*b, -j + 0*j = 2*b + 11767. Let y = -3118 - b. Is y a prime number?
True
Let i(s) = s**2 + 10*s - 30. Let r be i(-13). Let v(h) = -5*h**3 + 2*h**2 - 28*h - 17. Let j be v(r). Let y = -1998 - j. Is y prime?
False
Let u be (-256)/(-48)*(-3)/(-4). Suppose -3*z - 27 = u*j, 3*j - 5*z = -0*j + 16. Is (1496/1)/2 - j a composite number?
False
Suppose 0 = 9*k - 86 + 68. Suppose -37*i = k*i - 23829. Is i prime?
False
Suppose 6220*g + 2*o = 6216*g + 2441826, 2441856 = 4*g - 4*o. Is g a prime number?
False
Let v = -4313 + 6646. Is (v/7)/((-7)/(-49)) a prime number?
True
Suppose -369*c + 304493 = -362*c. Is c composite?
False
Let d be (8 + 28)/6*(-2)/(-6). Suppose -8*a + d = -7*a. Suppose 10*h - 950 = -a*g + 6*h, 12 = -4*h. Is g a composite number?
True
Suppose j + 2 = 0, 2*j + 34 = -5*y - 0*j. Let g be -1*20/(-8)*y. Is ((-12)/(-4))/(g/(-1270)) a composite number?
True
Let s(m) = -3*m**3 - 201*m**2 + 598*m + 75. Is s(-82) a prime number?
False
Suppose -5*n + 6*w - w + 147830 = 0, 0 = n + 3*w - 29582. Suppose 6*f - 2*d - n = f, -5*f - d + 29555 = 0. Is f/6*(-18)/(-12) a prime number?
False
Is 4 + 10722*(-45)/(-6) a prime number?
False
Let r(p) = -116*p + 128. Let s be r(-24). Suppose -3*a = -v + 2804, -2*v + 2711 + s = -3*a. Is v prime?
True
Suppose -5*v + 21932 = -3*z + 6*z, -z - 1 = 0. Suppose 2*o - v = 7201. Suppose 2*t + o = 4*t. Is t prime?
True
Let i be 22/(-12) + (-7)/42 + 11. Let p(l) = l - 19. Let m be p(i). Let f = m - -107. Is f prime?
True
Let o(m) = 340*m**2 + 22*m - 61. Is o(-6) a composite number?
True
Let w(u) = u**2 + 8*u + 7. Let q be w(-7). Let r(n) = 11547*n + 61. Let h be r(1). Suppose -7*d - 3089 + h = q. Is d a prime number?
True
Is (-3 + -128936 + 2)*(-12)/36 prime?
True
Let k = 36399 + -18323. Suppose -r - a = -8657 - 386, -k = -2*r + 3*a. Is r a prime number?
True
Let r = -1516 + 2293. Suppose i - r = 257. Let u = i - 615. Is u composite?
False
Is (2/4 + (-2)/12)*(-1 + 273562) a composite number?
True
Suppose -b - 4*y + 4 - 16 = 0, 9 = -2*b - 3*y. Suppose b*w + 5*w + 5*l - 28855 = 0, 3*w + 2*l - 17315 = 0. Is w composite?
True
Suppose 33 = t - 48. Let i = t + -76. Is 1637/(-1)*(2 - i) - -4 composite?
True
Let f(r) = -20589*r + 995. Is f(-6) a prime number?
True
Let r(g) = 2*g**3 - 13*g**2 - 9*g + 8. Suppose 5*z = 3*d - 16, 2*z + 0*z - 30 = -4*d. Let m be r(d). Is ((-10)/m)/((-5)/(-555)) a composite number?
True
Let r(x) = 47 - 970*x - 95*x - 7*x. Is r(-8) composite?
False
Let n(h) = h - 3*h**2 - 107*h**3 - 2*h - 2 + 3 + 51*h**3. Let m be n(4). Is (-10 + 13)*m/(-3) prime?
False
Is ((-3)/(-15))/(19/31253195) composite?
False
Let o(j) = 1370*j + 2247. Is o(46) prime?
True
Let i(c) = 694*c**2 - 27*c + 87. Let j(d) = -347*d**2 + 13*d - 43. Let t(a) = -2*i(a) - 5*j(a). Is t(3) a composite number?
True
Suppose 4*g - 331849 = 3*t, 2*g + 3*t = 157329 + 8600. Is g a composite number?
False
Suppose -11*b + 143564 = 8*b. Let j = b + -2197. Is j prime?
False
Let h be (2 - 80985/(-10)) + (-6)/4. Suppose -5*g + h = 3*l, 3*g - 4227 = -2*l + 1174. Suppose 6*r = 2*r + l. Is r a composite number?
False
Suppose 0 = -4*m + 59 + 13. Let n(g) = 232*g + 639. Let y be n(6). Is (-1)/(-6) + y/m composite?
False
Let v = -222339 - -319756. Is v a prime number?
False
Suppose -2*m = 3*t - 5163, -391*t = -396*t - 4*m + 8609. Is t a prime number?
False
Suppose -20*g + 4*g =